{"id":160,"date":"2022-05-25T18:09:05","date_gmt":"2022-05-25T16:09:05","guid":{"rendered":"https:\/\/lorraine.tosi.eu\/?page_id=160"},"modified":"2022-05-25T18:33:47","modified_gmt":"2022-05-25T16:33:47","slug":"ihm15","status":"publish","type":"page","link":"https:\/\/lorraine.tosi.eu\/index.php\/ihm15\/","title":{"rendered":"IHM 2015"},"content":{"rendered":"<div class=\"cadre-detail\">\n<p class=\"txt-vign-cursive\">Titre<\/p>\n<p>Am\u00e9liorer l\u2019exp\u00e9rience utilisateur pour encourager la confiance entre collaborateurs<\/p>\n<p class=\"txt-vign-cursive\">Auteurs<\/p>\n<p>2015, Lorraine Tosi, Aur\u00e9lien B\u00e9nel, Fran\u00e7ois Devoret<\/p>\n<p class=\"txt-vign-cursive\">Colloque<\/p>\n<p>IHM 2015<br \/>\nRencontres Doctorales et Session Posters<\/p>\n<p class=\"txt-vign-cursive\">Lieu<\/p>\n<p>Toulouse, octobre 2015<\/p>\n<\/div>\n<p class=\"txt-vign-cursive\">En savoir plus<\/p>\n<p><a href=\"https:\/\/lorraine.tosi.eu\/wp-content\/uploads\/2022\/05\/Poster-IHM15.pdf\">Poster<\/a><br \/>\n<a href=\"https:\/\/lorraine.tosi.eu\/wp-content\/uploads\/2022\/05\/Poster-IHM15.pdf\"><img decoding=\"async\" src=\"https:\/\/lorraine.tosi.eu\/wp-content\/uploads\/2022\/05\/apercu-ihm.png\" alt=\"aper\u00e7u poster\" class=\"aligncenter size-medium wp-image-469\" width=\"400\"><\/a><\/p>\n<p><a href=\"https:\/\/ihm2015.afihm.org\/rd.html\" target=\"_blank\" rel=\"noopener\">Site web IHM 2015<\/a><br \/>\n<a href=\"https:\/\/ihm2015.afihm.org\/rd.html\" target=\"_blank\" rel=\"noopener\"><img loading=\"lazy\" decoding=\"async\" src=\"https:\/\/lorraine.tosi.eu\/wp-content\/uploads\/2022\/05\/ihm-l.png\" alt=\"lien publication\" class=\"aligncenter size-medium wp-image-469\" width=\"400\" height=\"151\"><\/a><\/p>\n","protected":false},"excerpt":{"rendered":"<p>Titre Am\u00e9liorer l\u2019exp\u00e9rience utilisateur pour encourager la confiance entre collaborateurs Auteurs 2015, Lorraine Tosi, Aur\u00e9lien B\u00e9nel, Fran\u00e7ois Devoret Colloque IHM 2015 Rencontres Doctorales et Session Posters Lieu Toulouse, octobre 2015 En savoir plus Poster Site web IHM 2015<\/p>\n","protected":false},"author":1,"featured_media":0,"parent":0,"menu_order":0,"comment_status":"closed","ping_status":"closed","template":"","meta":{"footnotes":""},"class_list":["post-160","page","type-page","status-publish","hentry","entry"],"_links":{"self":[{"href":"https:\/\/lorraine.tosi.eu\/index.php\/wp-json\/wp\/v2\/pages\/160","targetHints":{"allow":["GET"]}}],"collection":[{"href":"https:\/\/lorraine.tosi.eu\/index.php\/wp-json\/wp\/v2\/pages"}],"about":[{"href":"https:\/\/lorraine.tosi.eu\/index.php\/wp-json\/wp\/v2\/types\/page"}],"author":[{"embeddable":true,"href":"https:\/\/lorraine.tosi.eu\/index.php\/wp-json\/wp\/v2\/users\/1"}],"replies":[{"embeddable":true,"href":"https:\/\/lorraine.tosi.eu\/index.php\/wp-json\/wp\/v2\/comments?post=160"}],"version-history":[{"count":5,"href":"https:\/\/lorraine.tosi.eu\/index.php\/wp-json\/wp\/v2\/pages\/160\/revisions"}],"predecessor-version":[{"id":185,"href":"https:\/\/lorraine.tosi.eu\/index.php\/wp-json\/wp\/v2\/pages\/160\/revisions\/185"}],"wp:attachment":[{"href":"https:\/\/lorraine.tosi.eu\/index.php\/wp-json\/wp\/v2\/media?parent=160"}],"curies":[{"name":"wp","href":"https:\/\/api.w.org\/{rel}","templated":true}]}}